{"id":82,"date":"2025-05-18T14:01:47","date_gmt":"2025-05-18T12:01:47","guid":{"rendered":"https:\/\/mam-porzadek.pl\/?page_id=82"},"modified":"2025-05-18T14:02:14","modified_gmt":"2025-05-18T12:02:14","slug":"mycie-okien","status":"publish","type":"page","link":"https:\/\/mam-porzadek.pl\/?page_id=82","title":{"rendered":"Mycie okien"},"content":{"rendered":"\n<div id=\"wp-block-themeisle-blocks-advanced-columns-a0019bf0\" class=\"wp-block-themeisle-blocks-advanced-columns has-1-columns has-desktop-equal-layout has-tablet-equal-layout has-mobile-equal-layout has-vertical-unset\"><div class=\"wp-block-themeisle-blocks-advanced-columns-overlay\"><\/div><div class=\"innerblocks-wrap\">\n<div id=\"wp-block-themeisle-blocks-advanced-column-8823b79e\" class=\"wp-block-themeisle-blocks-advanced-column\">\n<h2 class=\"wp-block-heading\">Mycie okien<\/h2>\n\n\n\n<p>Mycie okien tylko na Wielkanoc. Nie z nami \u2013 zadbamy o czysto\u015b\u0107 Twoich okien przez ca\u0142y rok. Wsp\u00f3\u0142praca z nami to czyste szyby i umyte parapety. Nie zapominamy o ramach i okuciach.<\/p>\n\n\n\n<figure class=\"wp-block-table\"><table class=\"has-fixed-layout\"><tbody><tr><td>Okno jednoskrzyd\u0142owe<\/td><td>od 20 \u2013 40 z\u0142<\/td><\/tr><tr><td>Okno dwuskrzyd\u0142owe<\/td><td>od 40 \u2013 60 z\u0142<\/td><\/tr><tr><td>Drzwi balkonowe \/ du\u017ce okno tarasowe<\/td><td>od 30 \u2013 70 z\u0142<\/td><\/tr><tr><td>Witryna sklepowa<\/td><td>Wycena indywidualna<\/td><\/tr><\/tbody><\/table><\/figure>\n\n\n\n<p>Minimalna warto\u015b\u0107 us\u0142ug 100 z\u0142<\/p>\n\n\n\n<p>Poza granicami Poznania dojazd 1 z\u0142 liczony od granicy miasta.<\/p>\n<\/div>\n<\/div><\/div>\n","protected":false},"excerpt":{"rendered":"","protected":false},"author":1,"featured_media":0,"parent":0,"menu_order":0,"comment_status":"closed","ping_status":"closed","template":"","meta":{"_uag_custom_page_level_css":"","neve_meta_sidebar":"","neve_meta_container":"","neve_meta_enable_content_width":"on","neve_meta_content_width":70,"neve_meta_title_alignment":"","neve_meta_author_avatar":"","neve_post_elements_order":"","neve_meta_disable_header":"off","neve_meta_disable_footer":"","neve_meta_disable_title":"on","_themeisle_gutenberg_block_has_review":false,"footnotes":""},"class_list":["post-82","page","type-page","status-publish","hentry"],"uagb_featured_image_src":{"full":false,"thumbnail":false,"medium":false,"medium_large":false,"large":false,"1536x1536":false,"2048x2048":false,"neve-blog":false},"uagb_author_info":{"display_name":"yeti800","author_link":"https:\/\/mam-porzadek.pl\/?author=1"},"uagb_comment_info":0,"uagb_excerpt":null,"_links":{"self":[{"href":"https:\/\/mam-porzadek.pl\/index.php?rest_route=\/wp\/v2\/pages\/82","targetHints":{"allow":["GET"]}}],"collection":[{"href":"https:\/\/mam-porzadek.pl\/index.php?rest_route=\/wp\/v2\/pages"}],"about":[{"href":"https:\/\/mam-porzadek.pl\/index.php?rest_route=\/wp\/v2\/types\/page"}],"author":[{"embeddable":true,"href":"https:\/\/mam-porzadek.pl\/index.php?rest_route=\/wp\/v2\/users\/1"}],"replies":[{"embeddable":true,"href":"https:\/\/mam-porzadek.pl\/index.php?rest_route=%2Fwp%2Fv2%2Fcomments&post=82"}],"version-history":[{"count":1,"href":"https:\/\/mam-porzadek.pl\/index.php?rest_route=\/wp\/v2\/pages\/82\/revisions"}],"predecessor-version":[{"id":83,"href":"https:\/\/mam-porzadek.pl\/index.php?rest_route=\/wp\/v2\/pages\/82\/revisions\/83"}],"wp:attachment":[{"href":"https:\/\/mam-porzadek.pl\/index.php?rest_route=%2Fwp%2Fv2%2Fmedia&parent=82"}],"curies":[{"name":"wp","href":"https:\/\/api.w.org\/{rel}","templated":true}]}}