{"id":74,"date":"2025-05-18T13:52:40","date_gmt":"2025-05-18T11:52:40","guid":{"rendered":"https:\/\/mam-porzadek.pl\/?page_id=74"},"modified":"2025-05-18T14:00:25","modified_gmt":"2025-05-18T12:00:25","slug":"74-2","status":"publish","type":"page","link":"https:\/\/mam-porzadek.pl\/?page_id=74","title":{"rendered":"Sprz\u0105tanie nagrobk\u00f3w"},"content":{"rendered":"\n<div id=\"wp-block-themeisle-blocks-advanced-columns-2d40eb8c\" class=\"wp-block-themeisle-blocks-advanced-columns has-1-columns has-desktop-equal-layout has-tablet-equal-layout has-mobile-equal-layout has-vertical-unset\"><div class=\"wp-block-themeisle-blocks-advanced-columns-overlay\"><\/div><div class=\"innerblocks-wrap\">\n<div id=\"wp-block-themeisle-blocks-advanced-column-ad4b53ce\" class=\"wp-block-themeisle-blocks-advanced-column\">\n<h2 class=\"wp-block-heading\">Sprz\u0105tanie nagrobk\u00f3w<\/h2>\n\n\n\n<p>Dzisiejsze tempo \u017cycia sprawia, \u017ce doba niejednokrotnie jest za kr\u00f3tka. Je\u015bli brak Ci czasu lub pracujesz gdzie\u015b daleko my zadbamy o miejsce spoczynku Twoich bliskich.<\/p>\n\n\n\n<p>Przy sprz\u0105taniu nagrobk\u00f3w nie stosujemy \u017cadnych pakiet\u00f3w. Do ka\u017cdego zlecenia podchodzimy tak jakby\u015bmy opiekowali si\u0119 naszymi grobami. Zawsze wykonujemy kompletn\u0105 us\u0142ug\u0119.<\/p>\n\n\n\n<ul class=\"wp-block-list\">\n<li>Usuniemy zwi\u0119d\u0142e wi\u0105zanki<\/li>\n\n\n\n<li>Wyrzucimy wypalone znicze<\/li>\n\n\n\n<li>Usuniemy chwasty<\/li>\n\n\n\n<li>Oczy\u015bcimy i zagrabimy otoczenie grobu<\/li>\n\n\n\n<li>Omieciemy lub od\u015bnie\u017cymy p\u0142yt\u0119 pomnika<\/li>\n\n\n\n<li>R\u0119cznie umyjemy nagrobek delikatnymi \u015brodkami czyszcz\u0105cymi<\/li>\n\n\n\n<li>Dok\u0142adnie op\u0142uczemy pomnik<\/li>\n\n\n\n<li>Wytrzemy pomnik do sucha<\/li>\n\n\n\n<li>Prze\u015blemy zdj\u0119cie przed i po wykonaniu us\u0142ugi<\/li>\n\n\n\n<li>Zakupimy kwiaty i znicze zgodnie z indywidualnymi ustaleniami.<\/li>\n<\/ul>\n\n\n\n<figure class=\"wp-block-table\"><table class=\"has-fixed-layout\"><tbody><tr><td>Nagrobek pojedynczy<\/td><td>od 140 z\u0142<\/td><\/tr><tr><td>Nagrobek podw\u00f3jny<\/td><td>od 170 z\u0142<\/td><\/tr><tr><td>Nagrobek rodzinny<\/td><td>od 190 z\u0142<\/td><\/tr><\/tbody><\/table><\/figure>\n\n\n\n<p>Minimalna warto\u015b\u0107 us\u0142ug 100 z\u0142<\/p>\n\n\n\n<p>Poza granicami Poznania dojazd 1 z\u0142 liczony od granicy miasta.<\/p>\n<\/div>\n<\/div><\/div>\n","protected":false},"excerpt":{"rendered":"","protected":false},"author":1,"featured_media":0,"parent":0,"menu_order":0,"comment_status":"closed","ping_status":"closed","template":"","meta":{"_uag_custom_page_level_css":"","neve_meta_sidebar":"","neve_meta_container":"","neve_meta_enable_content_width":"on","neve_meta_content_width":70,"neve_meta_title_alignment":"","neve_meta_author_avatar":"","neve_post_elements_order":"","neve_meta_disable_header":"","neve_meta_disable_footer":"","neve_meta_disable_title":"","_themeisle_gutenberg_block_has_review":false,"footnotes":""},"class_list":["post-74","page","type-page","status-publish","hentry"],"uagb_featured_image_src":{"full":false,"thumbnail":false,"medium":false,"medium_large":false,"large":false,"1536x1536":false,"2048x2048":false,"neve-blog":false},"uagb_author_info":{"display_name":"yeti800","author_link":"https:\/\/mam-porzadek.pl\/?author=1"},"uagb_comment_info":0,"uagb_excerpt":null,"_links":{"self":[{"href":"https:\/\/mam-porzadek.pl\/index.php?rest_route=\/wp\/v2\/pages\/74","targetHints":{"allow":["GET"]}}],"collection":[{"href":"https:\/\/mam-porzadek.pl\/index.php?rest_route=\/wp\/v2\/pages"}],"about":[{"href":"https:\/\/mam-porzadek.pl\/index.php?rest_route=\/wp\/v2\/types\/page"}],"author":[{"embeddable":true,"href":"https:\/\/mam-porzadek.pl\/index.php?rest_route=\/wp\/v2\/users\/1"}],"replies":[{"embeddable":true,"href":"https:\/\/mam-porzadek.pl\/index.php?rest_route=%2Fwp%2Fv2%2Fcomments&post=74"}],"version-history":[{"count":3,"href":"https:\/\/mam-porzadek.pl\/index.php?rest_route=\/wp\/v2\/pages\/74\/revisions"}],"predecessor-version":[{"id":81,"href":"https:\/\/mam-porzadek.pl\/index.php?rest_route=\/wp\/v2\/pages\/74\/revisions\/81"}],"wp:attachment":[{"href":"https:\/\/mam-porzadek.pl\/index.php?rest_route=%2Fwp%2Fv2%2Fmedia&parent=74"}],"curies":[{"name":"wp","href":"https:\/\/api.w.org\/{rel}","templated":true}]}}