{"id":66,"date":"2025-05-18T13:40:44","date_gmt":"2025-05-18T11:40:44","guid":{"rendered":"https:\/\/mam-porzadek.pl\/?page_id=66"},"modified":"2025-05-18T13:55:40","modified_gmt":"2025-05-18T11:55:40","slug":"pranie-tapicerki","status":"publish","type":"page","link":"https:\/\/mam-porzadek.pl\/?page_id=66","title":{"rendered":"Pranie tapicerki"},"content":{"rendered":"\n<div id=\"wp-block-themeisle-blocks-advanced-columns-a557953b\" class=\"wp-block-themeisle-blocks-advanced-columns has-1-columns has-desktop-equal-layout has-tablet-equal-layout has-mobile-equal-layout has-vertical-unset\"><div class=\"wp-block-themeisle-blocks-advanced-columns-overlay\"><\/div><div class=\"innerblocks-wrap\">\n<div id=\"wp-block-themeisle-blocks-advanced-column-dbd79097\" class=\"wp-block-themeisle-blocks-advanced-column\">\n<h2 class=\"wp-block-heading\">Pranie tapicerki<\/h2>\n\n\n\n<p>Zajmujemy si\u0119 praniem trudnych do usuni\u0119cia plam, pozbywamy si\u0119 alergen\u00f3w i roztoczy, sier\u015bci pupil\u00f3w, jak i przykrych zapach\u00f3w.<\/p>\n\n\n\n<p>Regularne pranie tapicerki to doskona\u0142e rozwi\u0105zanie, kt\u00f3re pozwoli na zachowanie jej estetycznego wygl\u0105du ale i w\u0142a\u015bciwej higieny przez d\u0142ugi czas. Na meblach ca\u0142y czas osadzaj\u0105 si\u0119 roztocza i zarazki przyczyniaj\u0105ce si\u0119 do powstawania wielu alergii, problem\u00f3w z oddychaniem i z\u0142ego samopoczucia zw\u0142aszcza w okresie zimowym, kiedy powietrze jest bardziej suche.<\/p>\n\n\n\n<p>Pami\u0119taj, \u017ce tapicerk\u0119 nale\u017cy pra\u0107 nie tylko gdy wida\u0107 na niej szpec\u0105ce plamy. Mi\u0119dzy w\u0142\u00f3knami kryj\u0119 si\u0119 wiele niekorzystnie dzia\u0142aj\u0105cych na nasze organizmy mikrob\u00f3w. Pierz tapicerk\u0119 raz w roku nawet gdy go\u015bcie m\u00f3wi\u0105, \u017ce wygl\u0105da \u015bwietnie.<\/p>\n\n\n\n<figure class=\"wp-block-table\"><table class=\"has-fixed-layout\"><tbody><tr><td>Pranie naro\u017cnika \/ pranie kanapy naro\u017cnej<\/td><td>od 170 z\u0142<\/td><\/tr><tr><td>Pranie naro\u017cnika \/ pranie kanapy naro\u017cnej o d\u0142ugo\u015bci powy\u017cej 2,5m (d\u0142ugo\u015b\u0107 mierzymy po obrysie)<\/td><td>od 240 z\u0142<\/td><\/tr><tr><td>Pranie sofy \/ pranie kanapy bez boczk\u00f3w<\/td><td>od 130 z\u0142<\/td><\/tr><tr><td>Pranie sofy \/ pranie kanapy (z boczkami, lub skomplikowanym kroju)<\/td><td>od 160 z\u0142<\/td><\/tr><tr><td>Pranie kompletu 3+2+1<\/td><td>od 250 z\u0142<\/td><\/tr><tr><td>Pranie fotela<\/td><td>od 70 z\u0142<\/td><\/tr><tr><td>Pranie krzes\u0142a<\/td><td>od 20 \u2013 60 z\u0142<\/td><\/tr><tr><td>Pranie poduszki<\/td><td>od 15 z\u0142<\/td><\/tr><tr><td>Pranie tapicerki samochodowej &#8211; fotele, dywaniki i baga\u017cnik<\/td><td>od 300 z\u0142<\/td><\/tr><tr><td>Pranie foteli samochodowych<\/td><td>od 250 z\u0142<\/td><\/tr><tr><td>Pranie dywanik\u00f3w samochodowych<\/td><td>od 15 z\u0142<\/td><\/tr><tr><td>Pranie baga\u017cnika auta<\/td><td>od 50 z\u0142<\/td><\/tr><\/tbody><\/table><\/figure>\n\n\n\n<p>Minimalna warto\u015b\u0107 us\u0142ug 100 z\u0142<\/p>\n\n\n\n<p>Poza granicami Poznania dojazd 1 z\u0142 liczony od granicy miasta.<\/p>\n<\/div>\n<\/div><\/div>\n","protected":false},"excerpt":{"rendered":"","protected":false},"author":1,"featured_media":0,"parent":0,"menu_order":0,"comment_status":"closed","ping_status":"closed","template":"","meta":{"_uag_custom_page_level_css":"","neve_meta_sidebar":"","neve_meta_container":"","neve_meta_enable_content_width":"on","neve_meta_content_width":70,"neve_meta_title_alignment":"","neve_meta_author_avatar":"","neve_post_elements_order":"","neve_meta_disable_header":"","neve_meta_disable_footer":"","neve_meta_disable_title":"","_themeisle_gutenberg_block_has_review":false,"footnotes":""},"class_list":["post-66","page","type-page","status-publish","hentry"],"uagb_featured_image_src":{"full":false,"thumbnail":false,"medium":false,"medium_large":false,"large":false,"1536x1536":false,"2048x2048":false,"neve-blog":false},"uagb_author_info":{"display_name":"yeti800","author_link":"https:\/\/mam-porzadek.pl\/?author=1"},"uagb_comment_info":0,"uagb_excerpt":null,"_links":{"self":[{"href":"https:\/\/mam-porzadek.pl\/index.php?rest_route=\/wp\/v2\/pages\/66","targetHints":{"allow":["GET"]}}],"collection":[{"href":"https:\/\/mam-porzadek.pl\/index.php?rest_route=\/wp\/v2\/pages"}],"about":[{"href":"https:\/\/mam-porzadek.pl\/index.php?rest_route=\/wp\/v2\/types\/page"}],"author":[{"embeddable":true,"href":"https:\/\/mam-porzadek.pl\/index.php?rest_route=\/wp\/v2\/users\/1"}],"replies":[{"embeddable":true,"href":"https:\/\/mam-porzadek.pl\/index.php?rest_route=%2Fwp%2Fv2%2Fcomments&post=66"}],"version-history":[{"count":5,"href":"https:\/\/mam-porzadek.pl\/index.php?rest_route=\/wp\/v2\/pages\/66\/revisions"}],"predecessor-version":[{"id":78,"href":"https:\/\/mam-porzadek.pl\/index.php?rest_route=\/wp\/v2\/pages\/66\/revisions\/78"}],"wp:attachment":[{"href":"https:\/\/mam-porzadek.pl\/index.php?rest_route=%2Fwp%2Fv2%2Fmedia&parent=66"}],"curies":[{"name":"wp","href":"https:\/\/api.w.org\/{rel}","templated":true}]}}

<div id="wp-block-themeisle-blocks-advanced-columns-a557953b" class="wp-block-themeisle-blocks-advanced-columns has-1-columns has-desktop-equal-layout has-tablet-equal-layout has-mobile-equal-layout has-vertical-unset"><div class="wp-block-themeisle-blocks-advanced-columns-overlay"></div><div class="innerblocks-wrap">
<div id="wp-block-themeisle-blocks-advanced-column-dbd79097" class="wp-block-themeisle-blocks-advanced-column">
<h2 class="wp-block-heading">Pranie tapicerki</h2>



<p>Zajmujemy się praniem trudnych do usunięcia plam, pozbywamy się alergenów i roztoczy, sierści pupilów, jak i przykrych zapachów.</p>



<p>Regularne pranie tapicerki to doskonałe rozwiązanie, które pozwoli na zachowanie jej estetycznego wyglądu ale i właściwej higieny przez długi czas. Na meblach cały czas osadzają się roztocza i zarazki przyczyniające się do powstawania wielu alergii, problemów z oddychaniem i złego samopoczucia zwłaszcza w okresie zimowym, kiedy powietrze jest bardziej suche.</p>



<p>Pamiętaj, że tapicerkę należy prać nie tylko gdy widać na niej szpecące plamy. Między włóknami kryję się wiele niekorzystnie działających na nasze organizmy mikrobów. Pierz tapicerkę raz w roku nawet gdy goście mówią, że wygląda świetnie.</p>



<figure class="wp-block-table"><table class="has-fixed-layout"><tbody><tr><td>Pranie narożnika / pranie kanapy narożnej</td><td>od 170 zł</td></tr><tr><td>Pranie narożnika / pranie kanapy narożnej o długości powyżej 2,5m (długość mierzymy po obrysie)</td><td>od 240 zł</td></tr><tr><td>Pranie sofy / pranie kanapy bez boczków</td><td>od 130 zł</td></tr><tr><td>Pranie sofy / pranie kanapy (z boczkami, lub skomplikowanym kroju)</td><td>od 160 zł</td></tr><tr><td>Pranie kompletu 3+2+1</td><td>od 250 zł</td></tr><tr><td>Pranie fotela</td><td>od 70 zł</td></tr><tr><td>Pranie krzesła</td><td>od 20 – 60 zł</td></tr><tr><td>Pranie poduszki</td><td>od 15 zł</td></tr><tr><td>Pranie tapicerki samochodowej &#8211; fotele, dywaniki i bagażnik</td><td>od 300 zł</td></tr><tr><td>Pranie foteli samochodowych</td><td>od 250 zł</td></tr><tr><td>Pranie dywaników samochodowych</td><td>od 15 zł</td></tr><tr><td>Pranie bagażnika auta</td><td>od 50 zł</td></tr></tbody></table></figure>



<p>Minimalna wartość usług 100 zł</p>



<p>Poza granicami Poznania dojazd 1 zł liczony od granicy miasta.</p>
</div>
</div></div>
